{"id":54,"date":"2017-10-22T19:23:07","date_gmt":"2017-10-22T19:23:07","guid":{"rendered":"http:\/\/chuchichaeschtli.li\/?page_id=54"},"modified":"2017-10-22T19:38:21","modified_gmt":"2017-10-22T19:38:21","slug":"ueber-mich","status":"publish","type":"page","link":"http:\/\/chuchichaeschtli.li\/?page_id=54","title":{"rendered":"\u00dcber mich&#8230;."},"content":{"rendered":"<p>Lieber Leser<\/p>\n<p>Darf ich vorstellen: s&#8217;Chuchich\u00e4schtli &#8211; die Seite f\u00fcr Gedanken \u00fcber das Leben und Anektoten aus dem Leben.<\/p>\n<p>Ich bin Pascal, 45, und habe diesen Blog &#8222;s&#8217;Chuchich\u00e4schtli&#8220; 2017 ins Leben gerufen, nachdem ich seit 2 Jahren im Seegr\u00e4bner Bote\u00a0eine Kolumne\u00a0 mit demselben Namen schreibe. Ihr findet hier die digitale Ausgabe meiner Kolumne. Auf Komentare und Feedbacks bin ich sehr gespannt.<\/p>\n<figure id=\"attachment_56\" aria-describedby=\"caption-attachment-56\" style=\"width: 225px\" class=\"wp-caption aligncenter\"><img loading=\"lazy\" decoding=\"async\" class=\"size-medium wp-image-56\" src=\"http:\/\/chuchichaeschtli.li\/wp-content\/uploads\/2017\/10\/P8180056-sw-225x300.jpg\" alt=\"\" width=\"225\" height=\"300\" srcset=\"http:\/\/chuchichaeschtli.li\/wp-content\/uploads\/2017\/10\/P8180056-sw-225x300.jpg 225w, http:\/\/chuchichaeschtli.li\/wp-content\/uploads\/2017\/10\/P8180056-sw-768x1024.jpg 768w, http:\/\/chuchichaeschtli.li\/wp-content\/uploads\/2017\/10\/P8180056-sw.jpg 1510w\" sizes=\"(max-width: 225px) 100vw, 225px\" \/><figcaption id=\"caption-attachment-56\" class=\"wp-caption-text\">Das bin ich<\/figcaption><\/figure>\n<p>Seegr\u00e4ben (oder mit vollem Namen Aathal-Seegr\u00e4ben) kennt Ihr h\u00f6chstwahrscheinlich durch das Dinosauriermuseum und die Jukersfarm mit der allj\u00e4hrlichen K\u00fcrbisausstellung.<\/p>\n<p>Vielen Dank f\u00fcrs Lesen und viel Spass<\/p>\n<p>Euer Pascal<\/p>\n<p>PS. Wieso eigentlich Chuchich\u00e4schtli? Dieser Name ist f\u00fcr mich ein Synonym f\u00fcr mein Kistchen mit Lebensgeschichten, -anektoten und Ideen, Anregungen. Dazu passt dieses Wort sehr gut zu meinen Lieblingsthemen, die gepr\u00e4gt von Haus und Familie, aber auch von Nachhaltigkeit und Suche nach Sinnhaftigkeit sind.<\/p>\n","protected":false},"excerpt":{"rendered":"<p>Lieber Leser Darf ich vorstellen: s&#8217;Chuchich\u00e4schtli &#8211; die Seite f\u00fcr Gedanken \u00fcber das Leben und Anektoten aus dem Leben. Ich bin Pascal, 45, und habe diesen Blog &#8222;s&#8217;Chuchich\u00e4schtli&#8220; 2017 ins Leben gerufen, nachdem ich seit 2 Jahren im Seegr\u00e4bner Bote\u00a0eine Kolumne\u00a0 mit demselben Namen schreibe. Ihr findet hier die digitale Ausgabe meiner Kolumne. Auf Komentare &hellip; <a href=\"http:\/\/chuchichaeschtli.li\/?page_id=54\" class=\"more-link\"><span class=\"screen-reader-text\">\u00dcber mich&#8230;.<\/span> weiterlesen<\/a><\/p>\n","protected":false},"author":1,"featured_media":0,"parent":0,"menu_order":0,"comment_status":"closed","ping_status":"closed","template":"","meta":{"footnotes":""},"_links":{"self":[{"href":"http:\/\/chuchichaeschtli.li\/index.php?rest_route=\/wp\/v2\/pages\/54"}],"collection":[{"href":"http:\/\/chuchichaeschtli.li\/index.php?rest_route=\/wp\/v2\/pages"}],"about":[{"href":"http:\/\/chuchichaeschtli.li\/index.php?rest_route=\/wp\/v2\/types\/page"}],"author":[{"embeddable":true,"href":"http:\/\/chuchichaeschtli.li\/index.php?rest_route=\/wp\/v2\/users\/1"}],"replies":[{"embeddable":true,"href":"http:\/\/chuchichaeschtli.li\/index.php?rest_route=%2Fwp%2Fv2%2Fcomments&post=54"}],"version-history":[{"count":2,"href":"http:\/\/chuchichaeschtli.li\/index.php?rest_route=\/wp\/v2\/pages\/54\/revisions"}],"predecessor-version":[{"id":61,"href":"http:\/\/chuchichaeschtli.li\/index.php?rest_route=\/wp\/v2\/pages\/54\/revisions\/61"}],"wp:attachment":[{"href":"http:\/\/chuchichaeschtli.li\/index.php?rest_route=%2Fwp%2Fv2%2Fmedia&parent=54"}],"curies":[{"name":"wp","href":"https:\/\/api.w.org\/{rel}","templated":true}]}}