{"id":121,"date":"2018-02-18T18:03:17","date_gmt":"2018-02-18T17:03:17","guid":{"rendered":"http:\/\/chuchichaeschtli.li\/?page_id=121"},"modified":"2018-02-18T18:03:17","modified_gmt":"2018-02-18T17:03:17","slug":"danke-fuer-die-anfrage","status":"publish","type":"page","link":"http:\/\/chuchichaeschtli.li\/?page_id=121","title":{"rendered":"Danke f\u00fcr die Anfrage!"},"content":{"rendered":"<p>Vielen Dank, dass Du das Chuch\u00e4schtli abonnieren m\u00f6chtest. Du wirst in wenigen Sekunden eine Email erhalten. Bitte best\u00e4tige die Registration \u00fcber den entsprechenden Link.<\/p>\n","protected":false},"excerpt":{"rendered":"<p>Vielen Dank, dass Du das Chuch\u00e4schtli abonnieren m\u00f6chtest. Du wirst in wenigen Sekunden eine Email erhalten. Bitte best\u00e4tige die Registration \u00fcber den entsprechenden Link.<\/p>\n","protected":false},"author":1,"featured_media":0,"parent":0,"menu_order":0,"comment_status":"closed","ping_status":"closed","template":"","meta":{"footnotes":""},"_links":{"self":[{"href":"http:\/\/chuchichaeschtli.li\/index.php?rest_route=\/wp\/v2\/pages\/121"}],"collection":[{"href":"http:\/\/chuchichaeschtli.li\/index.php?rest_route=\/wp\/v2\/pages"}],"about":[{"href":"http:\/\/chuchichaeschtli.li\/index.php?rest_route=\/wp\/v2\/types\/page"}],"author":[{"embeddable":true,"href":"http:\/\/chuchichaeschtli.li\/index.php?rest_route=\/wp\/v2\/users\/1"}],"replies":[{"embeddable":true,"href":"http:\/\/chuchichaeschtli.li\/index.php?rest_route=%2Fwp%2Fv2%2Fcomments&post=121"}],"version-history":[{"count":1,"href":"http:\/\/chuchichaeschtli.li\/index.php?rest_route=\/wp\/v2\/pages\/121\/revisions"}],"predecessor-version":[{"id":122,"href":"http:\/\/chuchichaeschtli.li\/index.php?rest_route=\/wp\/v2\/pages\/121\/revisions\/122"}],"wp:attachment":[{"href":"http:\/\/chuchichaeschtli.li\/index.php?rest_route=%2Fwp%2Fv2%2Fmedia&parent=121"}],"curies":[{"name":"wp","href":"https:\/\/api.w.org\/{rel}","templated":true}]}}